t is the millions digit of 161634148?
1
What is the tens digit of 325421691?
9
What is the hundred millions digit of 148409976?
1
What is the thousands digit of 51019995?
9
What is the tens digit of 348701705?
0
What is the hundred thousands digit of 2635152051?
1
What is the billions digit of 6316423660?
6
What is the ten millions digit of 393298049?
9
What is the ten millions digit of 6059374420?
5
What is the thousands digit of 852107694?
7
What is the millions digit of 449204984?
9
What is the thousands digit of 5517991?
7
What is the millions digit of 532711671?
2
What is the ten millions digit of 938997112?
3
What is the tens digit of 5747544?
4
What is the ten millions digit of 1853701721?
5
What is the hundred thousands digit of 48668375?
6
What is the hundred thousands digit of 2497235?
4
What is the hundreds digit of 378655419?
4
What is the thousands digit of 251609725?
9
What is the tens digit of 16258642?
4
What is the thousands digit of 446121595?
1
What is the millions digit of 3472773982?
2
What is the units digit of 22067177?
7
What is the ten thousands digit of 170125126?
2
What is the billions digit of 2906824693?
2
What is the millions digit of 447700281?
7
What is the units digit of 324270983?
3
What is the millions digit of 1676272615?
6
What is the thousands digit of 181764245?
4
What is the millions digit of 188744415?
8
What is the ten thousands digit of 21983195?
8
What is the thousands digit of 2551250238?
0
What is the thousands digit of 36123990?
3
What is the hundred millions digit of 105010977?
1
What is the ten thousands digit of 1141536737?
3
What is the hundred millions digit of 145568796?
1
What is the millions digit of 1218859777?
8
What is the hundreds digit of 171901546?
5
What is the hundred thousands digit of 689258372?
2
What is the tens digit of 114365578?
7
What is the millions digit of 93499569?
3
What is the hundreds digit of 1147269835?
8
What is the thousands digit of 1426373247?
3
What is the ten millions digit of 60412906?
6
What is the ten millions digit of 204071768?
0
What is the thousands digit of 120224855?
4
What is the ten millions digit of 2151705420?
5
What is the millions digit of 201516039?
1
What is the units digit of 229156986?
6
What is the millions digit of 223386582?
3
What is the thousands digit of 363786981?
6
What is the hundred thousands digit of 127037087?
0
What is the hundred millions digit of 5028482172?
0
What is the millions digit of 80389542?
0
What is the units digit of 46082101?
1
What is the units digit of 57441351?
1
What is the ten millions digit of 1601970613?
0
What is the tens digit of 1898298895?
9
What is the units digit of 24116738?
8
What is the hundreds digit of 7510767?
7
What is the hundred thousands digit of 91170417?
1
What is the ten millions digit of 167591388?
6
What is the hundreds digit of 554625624?
6
What is the ten millions digit of 38894584?
3
What is the hundreds digit of 54786996?
9
What is the ten thousands digit of 707500004?
0
What is the thousands digit of 65217138?
7
What is the tens digit of 2115870274?
7
What is the ten millions digit of 232515114?
3
What is the millions digit of 423366235?
3
What is the ten thousands digit of 44824349?
2
What is the ten millions digit of 378109354?
7
What is the units digit of 2672183517?
7
What is the units digit of 20037469?
9
What is the hundred thousands digit of 124084772?
0
What is the ten millions digit of 278271535?
7
What is the hundred millions digit of 508792142?
5
What is the ten thousands digit of 2313090?
1
What is the millions digit of 1181345240?
1
What is the millions digit of 19948297?
9
What is the hundred thousands digit of 30477392?
4
What is the billions digit of 3905039588?
3
What is the millions digit of 407303016?
7
What is the thousands digit of 14571420?
1
What is the ten millions digit of 700785016?
0
What is the tens digit of 38831633?
3
What is the hundreds digit of 211218997?
9
What is the units digit of 512632886?
6
What is the tens digit of 165243619?
1
What is the ten thousands digit of 744967929?
6
What is the units digit of 7805144?
4
What is the millions digit of 169641020?
9
What is the ten millions digit of 6074312224?
7
What is the units digit of 3738016814?
4
What is the hundred thousands digit of 1316439285?
4
What is the units digit of 52272471?
1
What is the hundred thousands digit of 37354626?
3
What is the ten thousands digit of 72119437?
1
What is the tens digit of 23862737?
3
What is the tens digit of 86102806?
0
What is the ten thousands digit of 48191940?
9
What is the tens digit of 43314526?
2
What is the units digit of 111046662?
2
What is the ten millions digit of 2952368234?
5
What is the hundred millions digit of 610049175?
6
What is the ten millions digit of 33305954?
3
What is the ten millions digit of 313201262?
1
What is the units digit of 43855056?
6
What is the thousands digit of 1038899039?
9
What is the hundred thousands digit of 27450964?
4
What is the ten thousands digit of 419160996?
6
What is the tens digit of 46737219?
1
What is the hundreds digit of 112950765?
7
What is the units digit of 92356421?
1
What is the ten millions digit of 648904922?
4
What is the ten thousands digit of 6920621?
2
What is the hundred thousands digit of 583612308?
6
What is the millions digit of 502008537?
2
What is the ten millions digit of 29689908?
2
What is the units digit of 769503018?
8
What is the hundred thousands digit of 265244952?
2
What is the ten thousands digit of 30420409?
2
What is the hundred millions digit of 338478393?
3
What is the units digit of 13226865?
5
What is the tens digit of 31230191?
9
What is the tens digit of 286146503?
0
What is the units digit of 13671934?
4
What is the hundred millions digit of 126692580?
1
What is the tens digit of 70170261?
6
What is the millions digit of 76608714?
6
What is the millions digit of 69589648?
9
What is the hundreds digit of 56072179?
1
What is the hundred thousands digit of 168306912?
3
What is the hundreds digit of 138136152?
1
What is the millions digit of 185006906?
5
What is the hundred thousands digit of 50864920?
8
What is the millions digit of 1704052463?
4
What is the hundred thousands digit of 2133243355?
2
What is the millions digit of 312457034?
2
What is the hundreds digit of 598729906?
9
What is the hundred millions digit of 8201958702?
2
What is the ten thousands digit of 472715843?
1
What is the millions digit of 80055695?
0
What is the ten millions digit of 560981044?
6
What is the millions digit of 32931245?
2
What is the ten thousands digit of 126568189?
6
What is the tens digit of 84504072?
7
What is the billions digit of 1524764342?
1
What is the units digit of 515205?
5
What is the hundreds digit of 123707907?
9
What is the thousands digit of 75019979?
9
What is the hundreds digit of 161838825?
8
What is the ten thousands digit of 249475594?
7
What is the thousands digit of 315392094?
2
What is the millions digit of 239104405?
9
What is the hundreds digit of 100293633?
6
What is the millions digit of 910693188?
0
What is the thousands digit of 777439820?
9
What is the units digit of 5421252569?
9
What is the hundred millions digit of 7988193967?
9
What is the thousands digit of 12363134?
3
What is the millions digit of 7455537306?
5
What is the units digit of 3407180461?
1
What is the millions digit of 3074454112?
4
What is the tens digit of 441706048?
4
What is the tens digit of 351977160?
6
What is the units digit of 23447110?
0
What is the units digit of 39136541?
1
What is the ten millions digit of 303825054?
0
What is the ten thousands digit of 506141382?
4
What is the tens digit of 2070491570?
7
What is the hundreds digit of 129688297?
2
What is the hundred millions digit of 260399136?
2
What is the hundred thousands digit of 23949609?
9
What is the billions digit of 4271722119?
4
What is the units digit of 206304404?
4
What is the hundred millions digit of 124217077?
1
What is the hundreds digit of 60857511?
5
What is the tens digit of 62093493?
9
What is the billions digit of 2426957324?
2
What is the thousands digit of 173712763?
2
What is the ten millions digit of 87587634?
8
What is the units digit of 97935660?
0
What is the ten thousands digit of 10877